 is divided by 34?
31
What is the remainder when 52817 is divided by 700?
317
Calculate the remainder when 245463 is divided by 8.
7
What is the remainder when 14774 is divided by 174?
158
Calculate the remainder when 80914 is divided by 289.
283
What is the remainder when 89207 is divided by 10?
7
What is the remainder when 1912688 is divided by 451?
448
What is the remainder when 437 is divided by 89?
81
Calculate the remainder when 34689 is divided by 280.
249
Calculate the remainder when 40806 is divided by 926.
62
What is the remainder when 1631221 is divided by 179?
173
What is the remainder when 1135 is divided by 239?
179
Calculate the remainder when 187045 is divided by 51.
28
What is the remainder when 2897 is divided by 137?
20
Calculate the remainder when 13402 is divided by 88.
26
What is the remainder when 14965 is divided by 14?
13
Calculate the remainder when 16449 is divided by 219.
24
Calculate the remainder when 33660 is divided by 42.
18
Calculate the remainder when 98987 is divided by 30.
17
What is the remainder when 1210 is divided by 1046?
164
What is the remainder when 99517 is divided by 80?
77
Calculate the remainder when 141 is divided by 120.
21
Calculate the remainder when 14923 is divided by 17.
14
Calculate the remainder when 83551 is divided by 22.
17
Calculate the remainder when 71316 is divided by 338.
336
Calculate the remainder when 827 is divided by 272.
11
Calculate the remainder when 10637 is divided by 343.
4
Calculate the remainder when 1355 is divided by 20.
15
What is the remainder when 57101 is divided by 83?
80
Calculate the remainder when 1083 is divided by 78.
69
Calculate the remainder when 337510 is divided by 225.
10
What is the remainder when 515195 is divided by 53?
35
Calculate the remainder when 7612 is divided by 48.
28
What is the remainder when 20363 is divided by 59?
8
What is the remainder when 1543 is divided by 177?
127
Calculate the remainder when 135358 is divided by 22.
14
What is the remainder when 9137 is divided by 730?
377
Calculate the remainder when 75500 is divided by 88.
84
What is the remainder when 13235 is divided by 79?
42
Calculate the remainder when 289 is divided by 239.
50
What is the remainder when 71857 is divided by 62?
61
What is the remainder when 16133 is divided by 30?
23
What is the remainder when 2242 is divided by 14?
2
What is the remainder when 175139 is divided by 351?
341
What is the remainder when 6937 is divided by 6573?
364
What is the remainder when 169799 is divided by 57?
53
Calculate the remainder when 5849 is divided by 157.
40
Calculate the remainder when 162167 is divided by 78.
5
What is the remainder when 8575 is divided by 1107?
826
Calculate the remainder when 6487 is divided by 3.
1
Calculate the remainder when 35270 is divided by 116.
6
Calculate the remainder when 67930 is divided by 14.
2
Calculate the remainder when 1495 is divided by 8.
7
Calculate the remainder when 94137 is divided by 4951.
68
Calculate the remainder when 55749 is divided by 461.
429
Calculate the remainder when 1240 is divided by 1238.
2
What is the remainder when 1138699 is divided by 236?
235
What is the remainder when 10361 is divided by 296?
1
Calculate the remainder when 18309 is divided by 374.
357
What is the remainder when 822550 is divided by 19129?
3
Calculate the remainder when 1384 is divided by 265.
59
Calculate the remainder when 21548 is divided by 5384.
12
What is the remainder when 78814 is divided by 32?
30
Calculate the remainder when 4222 is divided by 2081.
60
What is the remainder when 1194 is divided by 427?
340
What is the remainder when 13975035 is divided by 154?
151
What is the remainder when 4420 is divided by 2171?
78
Calculate the remainder when 8768 is divided by 43.
39
Calculate the remainder when 1892 is divided by 33.
11
What is the remainder when 676 is divided by 494?
182
Calculate the remainder when 1183460 is divided by 473.
14
What is the remainder when 41973 is divided by 995?
183
What is the remainder when 225 is divided by 194?
31
Calculate the remainder when 38228 is divided by 24.
20
Calculate the remainder when 15811 is divided by 163.
0
Calculate the remainder when 2785470 is divided by 55.
50
What is the remainder when 7427 is divided by 6?
5
Calculate the remainder when 179564 is divided by 2394.
14
What is the remainder when 2779 is divided by 267?
109
Calculate the remainder when 6253 is divided by 100.
53
Calculate the remainder when 6075 is divided by 866.
13
Calculate the remainder when 40541 is divided by 701.
584
Calculate the remainder when 62843 is divided by 8.
3
What is the remainder when 1116 is divided by 988?
128
Calculate the remainder when 5475 is divided by 281.
136
Calculate the remainder when 232 is divided by 58.
0
What is the remainder when 44121 is divided by 13?
12
What is the remainder when 8632 is divided by 30?
22
What is the remainder when 348 is divided by 266?
82
Calculate the remainder when 21929 is divided by 91.
89
What is the remainder when 3414 is divided by 80?
54
What is the remainder when 12602 is divided by 12595?
7
What is the remainder when 546846 is divided by 50?
46
What is the remainder when 99813 is divided by 161?
154
Calculate the remainder when 30076 is divided by 294.
88
Calculate the remainder when 9770 is divided by 1626.
14
Calculate the remainder when 10215 is divided by 150.
15
Calculate the remainder when 466393 is divided by 3.
1
Calculate the remainder when 19114 is divided by 22.
18
Calculate the remainder when 31639 is divided by 1308.
247
Calculate the remainder when 65306 is divided by 32609.
88
Calculate the remainder when 22632 is divided by 7542.
6
What is the remainder when 89316 is divided by 366?
12
Calculate the remainder when 1678 is divided by 1668.
10
What is the remainder when 3351 is divided by 558?
3
What is the remainder when 1950 is divided by 273?
39
What is the remainder when 33930 is divided by 606?
600
Calculate the remainder when 3245 is divided by 171.
167
Calculate the remainder when 316779 is divided by 104.
99
Calculate the remainder when 5029 is divided by 95.
89
Calculate the remainder when 38253 is divided by 140.
33
What is the remainder when 2194558 is divided by 30?
28
What is the remainder when 12707 is divided by 78?
71
What is the remainder when 33285 is divided by 11083?
36
Calculate the remainder when 47831 is divided by 257.
29
What is the remainder when 18587 is divided by 18586?
1
What is the remainder when 25985 is divided by 865?
35
Calculate the remainder when 2154 is divided by 85.
29
Calculate the remainder when 2511 is divided by 159.
126
What is the remainder when 40844 is divided by 305?
279
What is the remainder when 919 is divided by 341?
237
What is the remainder when 186457 is divided by 923?
11
Calculate the remainder when 198269 is divided by 32.
29
What is the remainder when 18698 is divided by 2327?
82
What is the remainder when 70408 is divided by 70389?
19
Calculate the remainder when 1867446 is divided by 143.
9
What is the remainder when 10387 is divided by 5193?
1
What is the remainder when 4199360 is divided by 23?
20
Calculate the remainder when 2787 is divided by 54.
33
Calculate the remainder when 1983 is divided by 262.
149
Calculate the remainder when 3695 is divided by 1216.
47
Calculate the remainder when 172 is divided by 140.
32
What is the remainder when 29369 is divided by 18?
11
What is the remainder when 2871 is divided by 1429?
13
What is the remainder when 44386 is divided by 10971?
502
Calculate the remainder when 15578 is divided by 601.
553
What is the remainder when 148 is divided by 105?
43
What is the remainder when 179035 is divided by 19?
17
What is the remainder when 661428 is divided by 154?
152
Calculate the remainder when 3583221 is divided by 954.
951
What is the remainder when 2597 is divided by 535?
457
Calculate the remainder when 17310 is divided by 360.
30
What is the remainder when 1550 is divided by 1452?
98
What is the remainder when 8139 is divided by 478?
13
What is the remainder when 164 is divided by 53?
5
Calculate the remainder when 51643 is divided by 12904.
27
What is the remainder when 81862 is divided by 259?
18
Calculate the remainder when 10609